e
Let z(g) = -2*g + 14. Let f(v) = -v**3 + 16*v**2 - 14*v - 9. Let a be f(15). Let d be z(a). Suppose -p - 2*j = -35, -5 = d*j - 3. Is p composite?
False
Suppose -15*y - 2*u = -11*y - 71732, -5*u = -3*y + 53799. Is y composite?
True
Suppose 0 = -5*z - 4*l + 23557, -3*z = -5*l - 0*l - 14149. Suppose -x + 3634 + z = 0. Is x prime?
False
Let i = 3329988 - 1324135. Is i prime?
False
Suppose 32*j - 553448 - 2316578 = 13*j. Is j a prime number?
False
Let k = 123332 - 34255. Suppose 14*w = 9*w + p + 89061, 5*w - k = -3*p. Is w composite?
True
Suppose 0 = -0*y - 22*y - 5003174. Is 22/(-165) + y/(-15) a composite number?
False
Let q(c) = 252*c**2 + 105*c - 2962. Is q(41) prime?
False
Let g(b) = 2*b**3 - 5*b**2 - 438*b + 49. Is g(28) a prime number?
False
Suppose -3*d = 3*l - 0*l - 843, -2*l + 4*d + 532 = 0. Let a(h) = 2*h**2 - 55*h + 26. Let c be a(29). Let i = l - c. Is i a composite number?
False
Let x be ((-1)/2*5 - -3)*82. Suppose 7*g + x = -1. Is (-428)/g - (3 + 32/(-12)) composite?
False
Let i(g) = -2*g**2 + 17*g + 12. Let x be i(9). Suppose -2*c - 9 = -x*c. Suppose o - 594 = -4*a, c*a = 4*a - 4*o + 737. Is a composite?
False
Suppose 0 = s - 2*k + 59 - 22, 5*s + 2*k = -137. Let c = -30 - s. Is 1*(c - 210)*-1 prime?
True
Let y(z) = -152*z - 165 - 169 + 347 - 4*z**2. Is y(-29) a prime number?
False
Suppose 0 = -45*s + 48*s - 14025. Suppose 8*h - s = 32581. Is h a composite number?
False
Suppose 4*c - 65563 = -3*m, 8094 = m + c - 13759. Is m a composite number?
True
Let u = -87 - -90. Suppose -u*g + 3*v = 0, 4 = -2*g + 5*v - 8. Is 2522/g - (-3)/(-2) prime?
False
Let o = -47296 - -194015. Is o composite?
False
Let s = -25 - -21. Let m be (4/(-7))/(s/14). Suppose 0*a + 1253 = 3*a + l, 2*a - 830 = -m*l. Is a prime?
True
Let w = 500553 - 206876. Is w a composite number?
False
Suppose 4*g - 2*r + 403 = -26693, -g - 3*r - 6760 = 0. Let i be (23/46)/(-1 - 6774/g). Suppose -i = -7*o - 356. Is o prime?
True
Let p(q) = 5*q**3 + 19*q**2 - 383*q + 14. Is p(39) prime?
True
Let j be (-35)/14 + 3 - (-7)/2. Suppose -5*b = -2*a, -a = -4*b + j - 1. Suppose 0 = a*m - 2827 - 768. Is m composite?
False
Is ((-14)/8 + 2)/(16*(-34)/(-2040080512)) a prime number?
True
Let n(x) = 2333*x**2 + 11*x + 4. Let o(f) = -2333*f**2 - 9*f - 3. Let w(h) = -6*n(h) - 7*o(h). Is w(-1) composite?
False
Suppose 81 = 5*j - 64. Let u = 364 - j. Let b = 642 - u. Is b prime?
True
Let i(j) = 224*j**2 + 6*j - 1. Let a be (19 - 10)*2*4/18. Is i(a) composite?
False
Let t(s) = 10780*s**2 + s. Let b(m) = 3*m + 58. Let f be b(-19). Is t(f) a prime number?
True
Let a(r) = -2*r**2 - 10*r + 43382. Let v be a(0). Suppose -2*d = 10, -2*s + 0*s - 4*d = -v. Is s a composite number?
False
Suppose -21*g + 1386 = -2184. Suppose g*n = 167*n + 9237. Is n a composite number?
False
Suppose 3*m - j - 4916 = 0, -5*m + 3*j - 3158 = -11346. Let w be 2/(-4) + 3622/(-4). Let o = m + w. Is o a prime number?
False
Let k = -323 + 288. Is -2 - k/20 - (-19638)/24 a composite number?
True
Suppose -2*i = -4*b - 1994, 2*i - 37*b - 1994 = -42*b. Let v = 2774 - i. Is v composite?
False
Suppose -224*r - 8242332 = -236*r. Is r prime?
False
Let a = 517527 + 27376. Is a a prime number?
True
Let a(l) = 27*l**2 - 256*l - 12. Is a(41) a prime number?
False
Let b(t) = t**2 - 23*t + 24. Let z be b(22). Suppose 1685 = -z*w + 15927. Is w composite?
False
Suppose -7985345 = -5*y - 2*n, -17*n + 20*n - 15 = 0. Is y a composite number?
False
Let b(u) = -4070*u - 673. Is b(-24) a prime number?
True
Suppose 5*u + 10 = 0, 5*u + 22601 + 8261 = l. Suppose -36*w - l = -48*w. Is w a prime number?
False
Let r = 411676 - 244265. Is r composite?
True
Let t = 41876 + 4385. Is t a composite number?
False
Let i(q) = 80381*q - 3032. Is i(9) a composite number?
False
Let g = 15446 - 2182. Suppose -7*a + 34397 = g. Is a composite?
False
Let q(l) = -19*l - 226. Let r be (-18)/(-24)*-12*11/3. Is q(r) a prime number?
True
Let b(m) = -15*m + 22. Let s be b(-6). Suppose 3223 = 5*l - 1262. Let k = s + l. Is k a prime number?
True
Suppose -4*d + 249 = q, 2*d + 168 = 5*d - 3*q. Let c = 68 - d. Suppose 0 = g - c*g + 6906. Is g a prime number?
True
Let i(j) = 69*j**2 - 10*j - 13. Let p(s) = 138*s**2 - 19*s - 24. Let y(c) = -11*i(c) + 6*p(c). Is y(6) a prime number?
True
Let g be (12/(-10))/(8/20). Let b be (g + 4)*(5 - (-4 - -4)). Suppose 1611 = -2*w + b*w. Is w a composite number?
True
Is -217164*((-287)/28 - -10) prime?
False
Let m(i) = 2*i - 5. Let j be m(-5). Let h = 16 + j. Is (634 - -1)*(0/2 + h) prime?
False
Let p(h) = 16*h**2 + 5*h - 5. Let v be p(2). Let u = -21 + v. Suppose d = -u + 203. Is d prime?
False
Let v(k) = 87*k + 58*k + 49*k + 19*k + 5 - 46*k. Let r be (-6)/9*(0 - 9). Is v(r) prime?
False
Suppose 0 = 3*k - 3, 5*a - 3*k - 2162 - 2755 = 0. Suppose -11*p = -3*p - a. Is p a prime number?
False
Suppose 15*s - 920699 = 1512796. Is s composite?
True
Let v(l) = -l**2 - 74*l + 110. Let f be v(-39). Suppose -5*p - f = -5*h, 180 = -3*h - p + 1057. Is h a prime number?
True
Let d be ((-51835)/20)/((-6)/(-72)). Is 2/(13287/d + (-18)/(-42)) prime?
True
Let s be 55/45 + -4 - 2/9. Let w be 4/s*(-75)/(-10). Is (w/(-2) - 4)*263 prime?
True
Let z = 72227 + -8076. Is z a composite number?
False
Let p = 326997 - 93758. Is p prime?
True
Let w(t) be the second derivative of 47*t**4/12 + 3*t**3/2 + 91*t**2/2 - 20*t + 5. Is w(-9) composite?
True
Suppose 0 - 318 = -2*c. Suppose 151*y + 65776 = c*y. Is y a composite number?
True
Let g(d) = 272*d**3 + 5*d**2 + 13*d - 159. Is g(5) a composite number?
False
Suppose -d + 2*w = -5*d + 82, 2*w = 10. Is 36732/d*9/2 a composite number?
True
Suppose 2692 = -y + p, p + 2686 = -10*y + 9*y. Let v = 7170 + y. Is v composite?
False
Let s(y) = y**3 - 3*y**2 + 9*y - 8. Let l be s(2). Suppose -3*f = 3*i - 19563, i + l*f - 6521 = 2*f. Is i a prime number?
True
Let q = 189575 - -18054. Is q composite?
False
Let j = 6 + -2. Suppose j*i = 7*i - 66. Let r = 63 + i. Is r a prime number?
False
Suppose u - 1 - 2 = 0. Let k be 17*(-30)/(-170) - 3*(-1)/(-1). Suppose -y + 5*o + 286 = k, u*o + 652 = 4*y - 509. Is y composite?
True
Let p = -9194 + 58549. Is p a composite number?
True
Suppose -17*b - 936641 = -3496501 - 1672001. Is b prime?
False
Let k(m) = -1053*m**3 - 14*m**2 - 14*m + 9. Is k(-5) composite?
True
Let z(h) = 16*h**2 - 55*h + 27. Let j be z(-17). Suppose 25*f - j = -1411. Is f a composite number?
False
Let f = -114 - -198. Suppose a = 3*a - 4*i - 172, -f = -a + 4*i. Is (a - 0) + (4 - 3) composite?
False
Let d be 25708 - 1*(-7 + 10). Suppose -190*p - d = -195*p. Is p composite?
True
Let a(d) = 2*d**3 + 2*d**2 - 7*d + 3. Let g be a(5). Suppose -5*k - 96 = -3*m + 50, 0 = 5*m + 4*k - g. Suppose 71 = z - m. Is z a composite number?
True
Suppose -5*g - 843398 = 3*y - 5923040, 3*g + 9 = 0. Is y a composite number?
True
Suppose 2*s + 120437 = j, 123569 - 484880 = -3*j - 5*s. Is j composite?
True
Let s = 815 + -813. Let r be 3 + -1 + -1 + 49. Suppose -r - 24 = -s*g. Is g a prime number?
True
Suppose 3*n - 15 = 0, 347868 - 1518411 = -2*p - n. Is p composite?
False
Let p = -222 - -4553. Let n = p - 9006. Let x = -3018 - n. Is x a prime number?
True
Let h(u) = 11*u + 22. Let b(g) = 3*g - 18. Let z be b(6). Let w be (1 - 6)/(z - 1). Is h(w) composite?
True
Suppose -2330 = 3*b + 2*v, 9*v + 1 = 8*v. Let d = 1411 + b. Is d composite?
True
Let k(o) = 4*o**3 + 3*o**2 - 8*o - 1. Let f(c) = -7*c**3 - 6*c**2 + 16*c. Let l(q) = 3*f(q) + 5*k(q). Let m = -21 - -12. Is l(m) a prime number?
True
Let i(l) = -2*l - 1. Let s(a) = 18*a. Let w(x) = -i(x) - 2*s(x). Let c be 6*3/(-1 - 5). Is w(c) a prime number?
True
Let m = 1352 + 33. Let v = -3923 - -6046. Suppose -m = -4*w + v. Is w a prime number?
True
Let z = 24947 - 10625. Suppose 0 = 2*h + 8*a - 3*a - z, 2*h - 14310 = -2*a. Is h a prime number?
True
Let b(d) = 1434*d**3 + 19*d**2 - 3*d + 11. Is b(3) composite?
False
Let c(j) = 0*j - 2*j - 1 - 3 + j**2 - 878*j**3. Let x = 75 - 76. Is c(x) prime?
True
Let t be ((-2)/7)/(-1) + (-308)/49. Let u be (5 + -2)*-59*130/t. Suppose -5*d + z + 6420 = 0, 3*d - 9*z = -5*z + u. Is d a composite number?
True
Let n = -3420 + 13566. Suppose -5*h - 2471 + 19360 = 2*j, -3*h + 3*j + n = 0. Is h a composite number?
True
Suppose -7*y + 1 = -13. Suppose 0*i = -y*i + 14702. Suppose -13*o